{"id":1235,"date":"2026-05-07T17:11:07","date_gmt":"2026-05-07T15:11:07","guid":{"rendered":"https:\/\/anjabrachmann.de\/?page_id=1235"},"modified":"2026-05-07T17:19:26","modified_gmt":"2026-05-07T15:19:26","slug":"datenschutz","status":"publish","type":"page","link":"https:\/\/anjabrachmann.de\/?page_id=1235","title":{"rendered":"DATENSCHUTZ"},"content":{"rendered":"\t\t<div data-elementor-type=\"wp-page\" data-elementor-id=\"1235\" class=\"elementor elementor-1235\" data-elementor-post-type=\"page\">\n\t\t\t\t<div class=\"elementor-element elementor-element-f2e5919 e-flex e-con-boxed e-con e-parent\" data-id=\"f2e5919\" data-element_type=\"container\" data-e-type=\"container\">\n\t\t\t\t\t<div class=\"e-con-inner\">\n\t\t\t\t<div class=\"elementor-element elementor-element-cb4abb8 elementor-nav-menu__align-center elementor-absolute elementor-nav-menu--stretch elementor-nav-menu--dropdown-tablet elementor-nav-menu__text-align-aside elementor-nav-menu--toggle elementor-nav-menu--burger elementor-widget elementor-widget-nav-menu\" data-id=\"cb4abb8\" data-element_type=\"widget\" data-e-type=\"widget\" data-settings=\"{&quot;_position&quot;:&quot;absolute&quot;,&quot;full_width&quot;:&quot;stretch&quot;,&quot;layout&quot;:&quot;horizontal&quot;,&quot;submenu_icon&quot;:{&quot;value&quot;:&quot;&lt;svg aria-hidden=\\&quot;true\\&quot; class=\\&quot;e-font-icon-svg e-fas-caret-down\\&quot; viewBox=\\&quot;0 0 320 512\\&quot; xmlns=\\&quot;http:\\\/\\\/www.w3.org\\\/2000\\\/svg\\&quot;&gt;&lt;path d=\\&quot;M31.3 192h257.3c17.8 0 26.7 21.5 14.1 34.1L174.1 354.8c-7.8 7.8-20.5 7.8-28.3 0L17.2 226.1C4.6 213.5 13.5 192 31.3 192z\\&quot;&gt;&lt;\\\/path&gt;&lt;\\\/svg&gt;&quot;,&quot;library&quot;:&quot;fa-solid&quot;},&quot;toggle&quot;:&quot;burger&quot;}\" data-widget_type=\"nav-menu.default\">\n\t\t\t\t\t\t\t\t<nav aria-label=\"Menu\" class=\"elementor-nav-menu--main elementor-nav-menu__container elementor-nav-menu--layout-horizontal e--pointer-underline e--animation-grow\">\n\t\t\t\t<ul id=\"menu-1-cb4abb8\" class=\"elementor-nav-menu\"><li class=\"menu-item menu-item-type-custom menu-item-object-custom menu-item-home menu-item-11\"><a href=\"http:\/\/anjabrachmann.de\/#about\" class=\"elementor-item elementor-item-anchor\">ABOUT<\/a><\/li>\n<li class=\"menu-item menu-item-type-custom menu-item-object-custom menu-item-home menu-item-799\"><a href=\"http:\/\/anjabrachmann.de\/#gallery\" class=\"elementor-item elementor-item-anchor\">GALLERY<\/a><\/li>\n<li class=\"menu-item menu-item-type-custom menu-item-object-custom menu-item-home menu-item-13\"><a href=\"http:\/\/anjabrachmann.de\/#exhibitions\" class=\"elementor-item elementor-item-anchor\">EXHIBITIONS<\/a><\/li>\n<li class=\"menu-item menu-item-type-custom menu-item-object-custom menu-item-home menu-item-14\"><a href=\"http:\/\/anjabrachmann.de\/#contact\" class=\"elementor-item elementor-item-anchor\">CONTACT<\/a><\/li>\n<\/ul>\t\t\t<\/nav>\n\t\t\t\t\t<div class=\"elementor-menu-toggle\" role=\"button\" tabindex=\"0\" aria-label=\"Men\u00fc Umschalter\" aria-expanded=\"false\">\n\t\t\t<svg aria-hidden=\"true\" role=\"presentation\" class=\"elementor-menu-toggle__icon--open e-font-icon-svg e-eicon-menu-bar\" viewBox=\"0 0 1000 1000\" xmlns=\"http:\/\/www.w3.org\/2000\/svg\"><path d=\"M104 333H896C929 333 958 304 958 271S929 208 896 208H104C71 208 42 237 42 271S71 333 104 333ZM104 583H896C929 583 958 554 958 521S929 458 896 458H104C71 458 42 487 42 521S71 583 104 583ZM104 833H896C929 833 958 804 958 771S929 708 896 708H104C71 708 42 737 42 771S71 833 104 833Z\"><\/path><\/svg><svg aria-hidden=\"true\" role=\"presentation\" class=\"elementor-menu-toggle__icon--close e-font-icon-svg e-eicon-close\" viewBox=\"0 0 1000 1000\" xmlns=\"http:\/\/www.w3.org\/2000\/svg\"><path d=\"M742 167L500 408 258 167C246 154 233 150 217 150 196 150 179 158 167 167 154 179 150 196 150 212 150 229 154 242 171 254L408 500 167 742C138 771 138 800 167 829 196 858 225 858 254 829L496 587 738 829C750 842 767 846 783 846 800 846 817 842 829 829 842 817 846 804 846 783 846 767 842 750 829 737L588 500 833 258C863 229 863 200 833 171 804 137 775 137 742 167Z\"><\/path><\/svg>\t\t<\/div>\n\t\t\t\t\t<nav class=\"elementor-nav-menu--dropdown elementor-nav-menu__container\" aria-hidden=\"true\">\n\t\t\t\t<ul id=\"menu-2-cb4abb8\" class=\"elementor-nav-menu\"><li class=\"menu-item menu-item-type-custom menu-item-object-custom menu-item-home menu-item-11\"><a href=\"http:\/\/anjabrachmann.de\/#about\" class=\"elementor-item elementor-item-anchor\" tabindex=\"-1\">ABOUT<\/a><\/li>\n<li class=\"menu-item menu-item-type-custom menu-item-object-custom menu-item-home menu-item-799\"><a href=\"http:\/\/anjabrachmann.de\/#gallery\" class=\"elementor-item elementor-item-anchor\" tabindex=\"-1\">GALLERY<\/a><\/li>\n<li class=\"menu-item menu-item-type-custom menu-item-object-custom menu-item-home menu-item-13\"><a href=\"http:\/\/anjabrachmann.de\/#exhibitions\" class=\"elementor-item elementor-item-anchor\" tabindex=\"-1\">EXHIBITIONS<\/a><\/li>\n<li class=\"menu-item menu-item-type-custom menu-item-object-custom menu-item-home menu-item-14\"><a href=\"http:\/\/anjabrachmann.de\/#contact\" class=\"elementor-item elementor-item-anchor\" tabindex=\"-1\">CONTACT<\/a><\/li>\n<\/ul>\t\t\t<\/nav>\n\t\t\t\t\t\t<\/div>\n\t\t\t\t\t<\/div>\n\t\t\t\t<\/div>\n\t\t<div class=\"elementor-element elementor-element-d8e0858 e-flex e-con-boxed e-con e-parent\" data-id=\"d8e0858\" data-element_type=\"container\" data-e-type=\"container\">\n\t\t\t\t\t<div class=\"e-con-inner\">\n\t\t\t\t<div class=\"elementor-element elementor-element-cc8afb4 elementor-widget__width-inherit elementor-widget elementor-widget-heading\" data-id=\"cc8afb4\" data-element_type=\"widget\" data-e-type=\"widget\" data-widget_type=\"heading.default\">\n\t\t\t\t\t<h2 class=\"elementor-heading-title elementor-size-default\">DATENSCHUTZ<\/h2>\t\t\t\t<\/div>\n\t\t\t\t\t<\/div>\n\t\t\t\t<\/div>\n\t\t<div class=\"elementor-element elementor-element-12b76fe e-flex e-con-boxed e-con e-parent\" data-id=\"12b76fe\" data-element_type=\"container\" data-e-type=\"container\">\n\t\t\t\t\t<div class=\"e-con-inner\">\n\t\t\t\t<div class=\"elementor-element elementor-element-19fdabd elementor-widget elementor-widget-text-editor\" data-id=\"19fdabd\" data-element_type=\"widget\" data-e-type=\"widget\" data-widget_type=\"text-editor.default\">\n\t\t\t\t\t\t\t\t\t<p>1. Datenschutz auf einen Blick<br \/>Der Schutz Ihrer personenbezogenen Daten ist mir ein besonderes Anliegen. Personenbezogene Daten werden vertraulich und entsprechend der gesetzlichen Datenschutzvorschriften sowie dieser Datenschutzerkl\u00e4rung behandelt.<br \/>2. Verantwortliche Stelle<br \/>[Vorname Nachname] [Stra\u00dfe Hausnummer] [PLZ Ort] Deutschland E-Mail: [E-Mail-Adresse]<br \/>3. Hosting<br \/>Diese Website wird bei einem externen Hosting-Anbieter betrieben. Der Hosting-Anbieter verarbeitet personenbezogene Daten, die beim Besuch dieser Website automatisch erfasst werden. Dazu geh\u00f6ren insbesondere: IP-Adressen Meta- und Kommunikationsdaten Webseitenzugriffe Browsertyp und Betriebssystem Uhrzeit des Seitenaufrufs Die Verarbeitung erfolgt zur technisch sicheren Bereitstellung der Website.<br \/>4. Server-Log-Dateien<br \/>Der Provider dieser Website erhebt und speichert automatisch Informationen in sogenannten Server-Log-Dateien. Dies sind: Browsertyp und Browserversion verwendetes Betriebssystem Referrer-URL Hostname des zugreifenden Rechners Uhrzeit der Anfrage IP-Adresse Diese Daten dienen ausschlie\u00dflich der Sicherstellung eines st\u00f6rungsfreien Betriebs der Website.<br \/>5. Kontaktaufnahme per E-Mail oder Formular<br \/>Wenn Sie mich per E-Mail oder \u00fcber ein Kontaktformular kontaktieren, werden Ihre Angaben inklusive der von Ihnen angegebenen Kontaktdaten zur Bearbeitung Ihrer Anfrage gespeichert. Diese Daten werden nicht ohne Ihre Einwilligung weitergegeben.<br \/>6. Instagram<br \/>Auf dieser Website k\u00f6nnen Funktionen des Dienstes Instagram eingebunden sein. Anbieter ist: Instagram \/ Meta Platforms Ireland Limited Wenn Sie eine Seite mit eingebundenen Instagram-Inhalten besuchen, kann eine Verbindung zu den Servern von Instagram hergestellt werden. Dabei kann Instagram Informationen \u00fcber Ihr Nutzungsverhalten erhalten. Weitere Informationen finden Sie in der Datenschutzerkl\u00e4rung von Instagram: Instagram Datenschutzerkl\u00e4rung<br \/>7. Einbindung von Vimeo oder YouTube<br \/>Auf dieser Website k\u00f6nnen Videos von Vimeo oder YouTube eingebunden sein. Vimeo Anbieter: Vimeo<br \/>\u00a0Beim Aufruf einer Seite mit Vimeo-Video wird eine Verbindung zu den Vimeo-Servern hergestellt. Datenschutzinformationen: Vimeo Datenschutzerkl\u00e4rung <br \/>YouTube Anbieter: YouTube <br \/>Beim Besuch einer Seite mit eingebettetem YouTube-Video kann eine Verbindung zu den Servern von YouTube hergestellt werden. Datenschutzinformationen: YouTube Datenschutzerkl\u00e4rung<br \/>8. Verwendung von Google Fonts<br \/>Diese Website kann externe Schriftarten (\u201eGoogle Fonts\u201c) verwenden. Anbieter ist: Google Fonts <br \/>Beim Aufruf der Website l\u00e4dt Ihr Browser die ben\u00f6tigten Schriftarten. Dabei kann Ihre IP-Adresse an Google \u00fcbertragen werden. Weitere Informationen: Google Datenschutzerkl\u00e4rung<br \/>9. Cookies<br \/>Diese Website verwendet gegebenenfalls Cookies. Cookies dienen dazu, die Website nutzerfreundlicher und sicherer zu machen. Sie k\u00f6nnen Ihren Browser so einstellen, dass Sie \u00fcber das Setzen von Cookies informiert werden oder Cookies nur im Einzelfall erlauben.<br \/>10. SSL- bzw. TLS-Verschl\u00fcsselung<br \/>Diese Website nutzt aus Sicherheitsgr\u00fcnden eine SSL- bzw. TLS-Verschl\u00fcsselung. Eine verschl\u00fcsselte Verbindung erkennen Sie an \u201ehttps:\/\/\u201c\u2060\ufffd in der Adresszeile Ihres Browsers.<br \/>11. Ihre Rechte<br \/>Sie haben jederzeit das Recht auf: Auskunft \u00fcber Ihre gespeicherten personenbezogenen Daten Berichtigung unrichtiger Daten L\u00f6schung Ihrer Daten Einschr\u00e4nkung der Verarbeitung Widerspruch gegen die Verarbeitung Daten\u00fcbertragbarkeit Au\u00dferdem haben Sie das Recht, sich bei der zust\u00e4ndigen Datenschutzaufsichtsbeh\u00f6rde zu beschweren.<\/p>\t\t\t\t\t\t\t\t<\/div>\n\t\t\t\t\t<\/div>\n\t\t\t\t<\/div>\n\t\t\t\t<\/div>\n\t\t","protected":false},"excerpt":{"rendered":"<p>DATENSCHUTZ 1. Datenschutz auf einen BlickDer Schutz Ihrer personenbezogenen Daten ist mir ein besonderes Anliegen. Personenbezogene Daten werden vertraulich und entsprechend der gesetzlichen Datenschutzvorschriften sowie dieser Datenschutzerkl\u00e4rung behandelt.2. Verantwortliche Stelle[Vorname Nachname] [Stra\u00dfe Hausnummer] [PLZ Ort] Deutschland E-Mail: [E-Mail-Adresse]3. HostingDiese Website wird bei einem externen Hosting-Anbieter betrieben. Der Hosting-Anbieter verarbeitet personenbezogene Daten, die beim Besuch dieser [&hellip;]<\/p>\n","protected":false},"author":1,"featured_media":0,"parent":0,"menu_order":0,"comment_status":"closed","ping_status":"closed","template":"","meta":{"footnotes":""},"class_list":["post-1235","page","type-page","status-publish","hentry"],"_links":{"self":[{"href":"https:\/\/anjabrachmann.de\/index.php?rest_route=\/wp\/v2\/pages\/1235","targetHints":{"allow":["GET"]}}],"collection":[{"href":"https:\/\/anjabrachmann.de\/index.php?rest_route=\/wp\/v2\/pages"}],"about":[{"href":"https:\/\/anjabrachmann.de\/index.php?rest_route=\/wp\/v2\/types\/page"}],"author":[{"embeddable":true,"href":"https:\/\/anjabrachmann.de\/index.php?rest_route=\/wp\/v2\/users\/1"}],"replies":[{"embeddable":true,"href":"https:\/\/anjabrachmann.de\/index.php?rest_route=%2Fwp%2Fv2%2Fcomments&post=1235"}],"version-history":[{"count":7,"href":"https:\/\/anjabrachmann.de\/index.php?rest_route=\/wp\/v2\/pages\/1235\/revisions"}],"predecessor-version":[{"id":1243,"href":"https:\/\/anjabrachmann.de\/index.php?rest_route=\/wp\/v2\/pages\/1235\/revisions\/1243"}],"wp:attachment":[{"href":"https:\/\/anjabrachmann.de\/index.php?rest_route=%2Fwp%2Fv2%2Fmedia&parent=1235"}],"curies":[{"name":"wp","href":"https:\/\/api.w.org\/{rel}","templated":true}]}}